15 = c + 3*a. Determine d(c).
13
Let z(u) be the third derivative of u**5/60 + 7*u**4/24 - 47*u**3/6 - 24*u**2 + 3*u - 1. Determine z(7).
51
Suppose -5*q + 0 = o + 1, -4*q = -4*o + 44. Let c(r) = -o - 3 + 5 - 1 - 13*r - 2*r**2. What is c(-6)?
-2
Let b(x) = -x**2 + 27*x + 283. Let f be b(-8). Let m(v) = -14*v + 19. Calculate m(f).
-23
Suppose -21*f - 109 = 59. Let h be 0/(-5) - f - 3. Let p(x) = -2 + 5*x**2 + 3 + 3 - x**3 + 0*x**3. What is p(h)?
4
Let g(v) be the second derivative of -1/2*v**3 + 7/2*v**2 - 28*v - 1. Suppose 2*p - 30 = -4*j, j - 4*j + 15 = 0. Calculate g(p).
-8
Let f(g) = -42*g**3 + 15*g**2 - 61*g + 58. Let u(h) = -25*h**3 + 7*h**2 - 32*h + 29. Let s(c) = -3*f(c) + 5*u(c). What is s(9)?
97
Suppose -7*k = -11*k - 12, 3*k = -3*l - 24. Let c(u) = -13*u**2 - 8*u - 2. Let p(n) = 22*n**2 + 16*n + 3. Let d(v) = l*c(v) - 3*p(v). What is d(-9)?
-8
Let b(o) = 161 - 10971*o - o**3 + 10997*o - 21*o**2 - 79. Give b(-22).
-6
Suppose 5*v + 156 = 7*v. Let x(a) = -28*a - 17. Let y be x(2). Let s = y + v. Let p(r) = r**2 - 5*r - 2. What is p(s)?
-2
Suppose -3*i = 3 + 9. Let a be ((-2)/2 + 3 - -2) + -6. Let x(q) = -4*q**2 - 3*q + 4. Let w(y) = 9*y**2 + 5*y - 9. Let d(l) = a*w(l) - 5*x(l). Determine d(i).
10
Suppose 2*p - 36 = 86*v - 89*v, 0 = -2*v - 2*p + 22. Let r(u) = -u**2 + 16*u - 16. Give r(v).
12
Let y(u) = -3*u + 8. Let q(r) = -5*r**2 - 19*r - 41. Let j be q(-2). Let n be (-3 - -3)/(46/j). What is y(n)?
8
Let y(h) = -h**3 + h + 18. Let f(a) = -a**2 + 4. Suppose -4*d + 5*d + 8 = -4*u, 0 = -2*d. Let r be f(u). Give y(r).
18
Let c(b) = -7467*b + 7400*b + 2*b**2 - 9 + 1 - 3. Calculate c(34).
23
Let o(q) = -8*q + 123. Let v be o(15). Let a(x) = -5 + v*x - 139*x**2 + 131*x**2 + x**3 + 10. Determine a(7).
-23
Let j be (-5)/((-90)/48) + 2/6. Let f be (-19)/(((-2)/j)/((-4)/(-6))). Let y(d) = -3*d + d + f + 3*d. Calculate y(-13).
6
Let z(a) be the third derivative of -a**5/30 - 17*a**4/24 - 3*a**3/2 + a**2 - 113*a. Let d(w) = w**2 + 9*w + 5. Let c(k) = -5*d(k) - 3*z(k). Give c(-6).
2
Let w = 5540 + -5530. Let f(a) = a + 13. Determine f(w).
23
Let u(y) be the third derivative of 0*y - 223*y**2 + y**3 + 0 - 1/6*y**4. What is u(5)?
-14
Let a(f) = 2*f + 17. Let c be a(-7). Let s be -15 + 15 + 1*c. Let y(r) = 0 + s*r**2 + 6*r - r**3 + 3 - 2 - 5. Determine y(4).
4
Let n(z) = -2*z**2 + 16*z + 16. Let u(o) = o**3 + 59*o**2 + 53*o - 282. Let l be u(-58). Calculate n(l).
16
Let w(h) be the second derivative of h**3/2 + 9*h**2/2 - 49*h. Let l(x) = -8*x - 100. Let n be l(-12). Give w(n).
-3
Let m(f) = -2*f**2 + 2*f - 11. Let o(c) = 13*c**2 - 22*c + 77. Let b(h) = 9*m(h) + o(h). What is b(-3)?
-55
Suppose -8*o - 12*o - 47 = 53. Let s(v) = 24*v + 109. What is s(o)?
-11
Let k(p) = 26*p - 369. Let b(o) = -50*o + 742. Let w(l) = 3*b(l) + 7*k(l). Calculate w(11).
-5
Suppose 5 = -3*b + 17, 2*i + 8 = -4*b. Let v(z) = -z**3 - 13*z**2 - 13*z - 21. Calculate v(i).
-9
Let w(z) = z**3 + 4*z**2 - 5*z. Let a be w(-4). Suppose -5*f + k = -29 + 129, 5*k = f + a. Let g = 18 + f. Let u(q) = 2*q - 1. What is u(g)?
-5
Let x(v) = -v + 1. Let s(q) = -q + 39. Let d(k) = -s(k) - 5*x(k). Determine d(8).
4
Let l(k) = 4*k - 4. Let j(g) = -2*g + 1. Suppose -22*z + z = -63. Let o(w) = z*j(w) + l(w). What is o(-3)?
5
Suppose -3*y - h = 88, -4*h - 11 = 17. Let s(g) = -g**3 - 27*g**2 - 4*g - 112. Calculate s(y).
-4
Let l be (3/(-5))/((-46)/(-230)). Let p(x) = -2*x**2 + 6*x + 7. What is p(l)?
-29
Let g(u) = -u**2 + 1. Let n(t) = -2*t**2 + 8*t + 4. Let b(a) = g(a) - n(a). Suppose 3*v = -3*p + 27, -512*p + 508*p - 5*v = -37. What is b(p)?
-3
Let i(q) be the second derivative of q**5/20 - 5*q**4/12 + q**3/2 - q**2/2 + 2*q. Let x(z) = -z**2 + 4. Suppose 7*d = 2*d. Let j be x(d). What is i(j)?
-5
Let t(n) = -n**3 + 7*n**2 + 4*n + 6. Suppose -2*u + 853 = 3*p, -2*u + p = -5*u + 1283. Let w = u + -421. Give t(w).
34
Let s(x) = -4*x**2 - 3*x + 2. Let d(a) = a**3 + 38*a**2 - 41*a - 76. Let f be 6/(-42) + (-272)/7. Let n be d(f). Determine s(n).
-20
Let t(m) be the first derivative of m**5/60 + m**4/8 + m**3/6 + 23*m**2/2 + 150. Let b(s) be the second derivative of t(s). What is b(-2)?
-1
Let u(b) be the first derivative of 12*b**2 - 162*b + 270. Determine u(7).
6
Let o be 5/(((-169)/26 - -8)/(-3*1)). Let m(k) = 2*k**2 + 19*k - 24. Determine m(o).
-14
Let a be 6 - (-2 + 1 + 3)*-1. Let v(p) = 12 + p**3 - a*p - 19 - 4*p**2 + 10. Let y be 3/((-12)/(-10))*2. Determine v(y).
-12
Let b(n) = -n**2 - 9*n - 17. Suppose -3*m + 195 = 5*u - 332, 0 = 2*u - m - 213. Suppose 98*t = u*t + 56. Determine b(t).
-3
Let o(r) be the first derivative of r**2/2 - 6*r + 744. Let n = -3 - -23. Let z = -12 + n. Calculate o(z).
2
Let d(o) be the second derivative of -o**4/6 - o**3/2 + 3*o**2/2 - 813*o. Let y = -10 + 12. Let a be 1/2*(y + 2). What is d(a)?
-11
Let s(v) = -19*v - 26. Let t = -1810 - -1808. Calculate s(t).
12
Let a(u) = -u**2 + 7*u - 4. Let q(r) = -r + 35. Let d be (-6 - (-275)/20)*4. Let l be q(d). Determine a(l).
8
Let y(z) = -z**2 - 5*z - 6. Let j be y(-3). Suppose 154*s - 152*s + 4 = j. Let v(l) = l. Let m(f) = -13*f + 2. Let a(g) = -m(g) - 4*v(g). Calculate a(s).
-20
Let l = -271 - -278. Suppose 4*x + 6 = l*x. Let w(m) = m**3 - 2*m**2 + 2*m + 1. Calculate w(x).
5
Let y = -5/1281 - -1321/10248. Let p(j) be the third derivative of -1/120*j**6 + 0*j + 1/15*j**5 + 0 - y*j**4 + 2/3*j**3 + 6*j**2. Calculate p(3).
4
Let w(l) = l**3 + 3*l**2 - 5*l - 2. Let g be w(-4). Let f(b) be the second derivative of -b**4/4 + b**3/2 - b**2 - 2*b + 5373. Give f(g).
-8
Let t(o) = o - 6. Let r(w) = -w**2 - 15*w + 22. Let h be r(-13). Suppose -44*l = -h*l + 16. Calculate t(l).
-2
Let p be 3 + -1 - (-123)/(-7 - -10). Let u(j) = 4*j + 33 - j - 74 + p. Let i be (-10)/(-35) + (-23)/7. Determine u(i).
-7
Let q(c) = -21*c + 225. Suppose -5*k + 76 = 3*d, -128*d + 44 = -125*d + k. Determine q(d).
-27
Let v(r) = 3*r**2 - 87*r + 21. Let u(t) = -10*t**2 + 303*t - 63. Let m(l) = -2*u(l) - 7*v(l). Determine m(-7).
-91
Let q = 416 + -393. Suppose q + 4 = 3*b. Let u(p) = p - 1. Give u(b).
8
Let m(v) be the first derivative of -v**4/4 + 14*v**3/3 - 7*v**2 + 31*v + 145. What is m(13)?
18
Let y(v) = v**3 - 10. Let m = 837 + -353. Suppose 492*w = m*w. Give y(w).
-10
Suppose -27 = -2*x + 13. Let c be ((-9)/2)/((-10)/x). Suppose 7*i - 16 = -c. Let m(d) = 6*d**2 + 2*d - 1. What is m(i)?
7
Suppose -4*a = -4*r + 12, 4*a + 182 - 163 = 5*r. Let z(w) = -w**3 + 5*w**2 + 13*w - 8. What is z(r)?
-15
Let t(z) = -z**2 - 5*z - 4. Let b be ((-196)/21)/((-28)/21). Suppose 5*o - 2 + b = -3*n, 2*n + 14 = 2*o. Determine t(n).
-4
Let d(k) be the third derivative of -17*k**6/360 + k**4/24 + 41*k**3/2 + 6*k**2 - 2*k. Let u(a) be the first derivative of d(a). Let j = 1 - 2. What is u(j)?
-16
Let y(g) = g - 2 - g + 15 + g. Give y(16).
29
Let d(l) = 2*l**2 - 3 + 19*l + 12 - 2. Let z(u) be the third derivative of u**5/60 + 3*u**4/8 + u**3/2 + 470*u**2. Let s(j) = -2*d(j) + 5*z(j). Determine s(-7).
1
Let g(h) = -h**2 + 37*h + 43. Let n(l) = -2*l**2 + 37*l + 42. Let j(o) = -4*g(o) + 3*n(o). Let c be j(-17). Let v(k) = k**3 - 3*k**2 - 3*k. Determine v(c).
35
Let q(c) = -22 - 27 + 42 + c. Let o = -56 + 55. Let h(f) = -6*f**3 - f**2. Let x be h(o). Determine q(x).
-2
Let g(j) be the first derivative of -j**3/6 + 56*j + 3. Let b(s) be the first derivative of g(s). Give b(-2).
2
Let k = -35 - 1. Let r be 960/(-28) + ((-8)/14)/(-2). Let s = r - k. Let c(f) = -f**2 - 4*f + 3. What is c(s)?
-9
Let k(s) = 24*s. Let n(p) = 21*p + 147. Let c be n(-7). Suppose 18 = -3*i - 3*o, c = -5*i + o - 7 + 1. Determine k(i).
-48
Suppose 101 = -7*o + 150. Let l be (8 - 1) + 35/o*-1. Let q(f) = -f**3 + 3*f**2 - 2*f - 1. Give q(l).
-1
Let l(y) = 705*y**2 + 10569*y - 83. Let g be l(-15). Let d(v) be the third derivative of -v**4/8 + v**3/2 + v**2. Determine d(g).
-18
Suppose -2*x + 16 = 4*g, 3*g + 8 = -3*x + 14. Let q(y) be the first derivative of -4*y - 1/4*y**4 - 12 + 7/2*y**2 + 5/3*y**3. Determine q(g).
2
Let j(w) = -w**3 + 34*w**2 + 250*w - 7521. Let r be j(35). Let b(k) = -3*k - 4*k**2 + 2*k + k**3 + 4 + 0*k**3. What is b(r)?
0
Let f = -393 + 377. Let d(s) = s**2 + 16*s - 9. Determine d(f).
-9
Let i = -4995 - -5013. Let o be 2 - (2 + 2 + -2). Suppose 5*b = -5*n + 4*n - i, o = n - 5*b - 32. Let m(a) = 